{"id":19785,"date":"2024-11-29T11:04:26","date_gmt":"2024-11-29T10:04:26","guid":{"rendered":"https:\/\/agropecuario.testprueba.pro\/?page_id=19785"},"modified":"2024-11-29T11:06:07","modified_gmt":"2024-11-29T10:06:07","slug":"politica-del-sistema-de-gestion","status":"publish","type":"page","link":"https:\/\/anasac.cl\/agropecuario\/politica-del-sistema-de-gestion\/","title":{"rendered":"Pol\u00edtica del Sistema de Gesti\u00f3n"},"content":{"rendered":"\t\t<div data-elementor-type=\"wp-page\" data-elementor-id=\"19785\" class=\"elementor elementor-19785\" data-elementor-post-type=\"page\">\n\t\t\t\t<div class=\"elementor-element elementor-element-dfe2acf e-flex e-con-boxed e-con e-parent\" data-id=\"dfe2acf\" data-element_type=\"container\" data-e-type=\"container\" data-settings=\"{&quot;jet_parallax_layout_list&quot;:[]}\">\n\t\t\t\t\t<div class=\"e-con-inner\">\n\t\t\t\t<div class=\"elementor-element elementor-element-cd0eeae elementor-widget elementor-widget-spacer\" data-id=\"cd0eeae\" data-element_type=\"widget\" data-e-type=\"widget\" data-widget_type=\"spacer.default\">\n\t\t\t\t<div class=\"elementor-widget-container\">\n\t\t\t\t\t\t\t<div class=\"elementor-spacer\">\n\t\t\t<div class=\"elementor-spacer-inner\"><\/div>\n\t\t<\/div>\n\t\t\t\t\t\t<\/div>\n\t\t\t\t<\/div>\n\t\t\t\t<div class=\"elementor-element elementor-element-a8c32c0 jet-breadcrumbs-on-front-yes elementor-widget elementor-widget-jet-breadcrumbs\" data-id=\"a8c32c0\" data-element_type=\"widget\" data-e-type=\"widget\" data-widget_type=\"jet-breadcrumbs.default\">\n\t\t\t\t<div class=\"elementor-widget-container\">\n\t\t\t\t\t<div class=\"elementor-jet-breadcrumbs jet-blocks\">\n\t\t<div class=\"jet-breadcrumbs\">\n\t\t<div class=\"jet-breadcrumbs__content\">\n\t\t\t<div class=\"jet-breadcrumbs__browse\">Usted est\u00e1 en:<\/div> \n\t\t<div class=\"jet-breadcrumbs__wrap\"><div class=\"jet-breadcrumbs__item\"><a href=\"https:\/\/anasac.cl\/agropecuario\/\" class=\"jet-breadcrumbs__item-link is-home\" rel=\"home\" title=\"Inicio\">Inicio<\/a><\/div>\n\t\t<\/div>\n\t\t<\/div>\n\t\t<\/div><\/div>\t\t\t\t<\/div>\n\t\t\t\t<\/div>\n\t\t\t\t\t<\/div>\n\t\t\t\t<\/div>\n\t\t<div class=\"elementor-element elementor-element-4c183e2 e-flex e-con-boxed e-con e-parent\" data-id=\"4c183e2\" data-element_type=\"container\" data-e-type=\"container\" data-settings=\"{&quot;jet_parallax_layout_list&quot;:[]}\">\n\t\t\t\t\t<div class=\"e-con-inner\">\n\t\t\t\t<div class=\"elementor-element elementor-element-5006210 elementor-widget-divider--view-line_text elementor-widget-divider--element-align-center elementor-widget elementor-widget-divider\" data-id=\"5006210\" data-element_type=\"widget\" data-e-type=\"widget\" data-widget_type=\"divider.default\">\n\t\t\t\t<div class=\"elementor-widget-container\">\n\t\t\t\t\t\t\t<div class=\"elementor-divider\">\n\t\t\t<span class=\"elementor-divider-separator\">\n\t\t\t\t\t\t\t<span class=\"elementor-divider__text elementor-divider__element\">\n\t\t\t\tPol\u00edtica del Sistema de Gesti\u00f3n\t\t\t\t<\/span>\n\t\t\t\t\t\t<\/span>\n\t\t<\/div>\n\t\t\t\t\t\t<\/div>\n\t\t\t\t<\/div>\n\t\t\t\t<div class=\"elementor-element elementor-element-e0d86bc elementor-widget elementor-widget-text-editor\" data-id=\"e0d86bc\" data-element_type=\"widget\" data-e-type=\"widget\" data-widget_type=\"text-editor.default\">\n\t\t\t\t<div class=\"elementor-widget-container\">\n\t\t\t\t\t\t\t\t\t<p>Nuestro compromiso como trabajadores y de la alta direcci\u00f3n se fundamenta en la satisfacci\u00f3n de nuestros clientes, superando sus expectativas.<\/p><p>Nuestros productos cumplen con la calidad e inocuidad requerida, los cuales son verificados en las distintas etapas de los procesos productivos, bajo est\u00e1ndares de buenas pr\u00e1cticas y mejora continua, con un alto nivel de excelencia en los resultados para prevenir la contaminaci\u00f3n cruzada en los productos.<\/p><p>Nuestra organizaci\u00f3n, socialmente responsable, aporta activamente a nuestra comunidad, a trav\u00e9s de procesos eficientes y seguros, resguardando el medio ambiente y disminuyendo efectos negativos sobre este.<\/p><p>Nuestra empresa desarrolla sus actividades, bas\u00e1ndose en el principio proactivo de la prevenci\u00f3n, que privilegian la seguridad y salud en el trabajo. Esto exige altos niveles de disciplina para su cumplimiento, y lo que es m\u00e1s importante, una decidida acci\u00f3n de cada trabajador, a estar siempre atentos a las condiciones de riesgo, actuando conscientemente de modo seguro en cada proceso en el que se desempe\u00f1a.<\/p><p>Sistem\u00e1ticamente, medimos, evaluamos y corregimos nuestra gesti\u00f3n, de manera de lograr un proceso \u00f3ptimo en el tiempo, cumpliendo los objetivos definidos, priorizando un adecuado entorno de trabajo, valorando a las personas, la excelencia, la orientaci\u00f3n al cliente, el trabajo en equipo, la innovaci\u00f3n y creatividad.<\/p><p>\u00a0<\/p><p>Por todo lo anterior, Anasac Chile S.A. se compromete a:<\/p><ul><li>Eliminar peligros y reducir riesgos de seguridad y salud en el trabajo.<\/li><li>Prevenir lesiones y deterioro de la salud.<\/li><li>Realizar procesos de consulta y participaci\u00f3n de trabajadores<\/li><li>Proteger el medio ambiente incluida la prevenci\u00f3n de la contaminaci\u00f3n.<\/li><li>Mejorar continuamente el desempe\u00f1o de calidad, medio ambiente, seguridad y salud en el trabajo, cumplir los requisitos\u00a0legales y otros requisitos suscritos por la empresa.<\/li><\/ul><p>\u00a0<\/p>\t\t\t\t\t\t\t\t<\/div>\n\t\t\t\t<\/div>\n\t\t\t\t<div class=\"elementor-element elementor-element-dc05020 elementor-widget elementor-widget-spacer\" data-id=\"dc05020\" data-element_type=\"widget\" data-e-type=\"widget\" data-widget_type=\"spacer.default\">\n\t\t\t\t<div class=\"elementor-widget-container\">\n\t\t\t\t\t\t\t<div class=\"elementor-spacer\">\n\t\t\t<div class=\"elementor-spacer-inner\"><\/div>\n\t\t<\/div>\n\t\t\t\t\t\t<\/div>\n\t\t\t\t<\/div>\n\t\t\t\t\t<\/div>\n\t\t\t\t<\/div>\n\t\t\t\t<\/div>\n\t\t","protected":false},"excerpt":{"rendered":"<p>Usted est\u00e1 en: Inicio Nuestro compromiso como trabajadores y de la alta direcci\u00f3n se fundamenta en la satisfacci\u00f3n de nuestros clientes, superando sus expectativas. Nuestros productos cumplen con la calidad e inocuidad requerida, los cuales son verificados en las distintas etapas de los procesos productivos, bajo est\u00e1ndares de buenas pr\u00e1cticas y mejora continua, con un [&hellip;]<\/p>\n","protected":false},"author":1,"featured_media":0,"parent":0,"menu_order":0,"comment_status":"closed","ping_status":"closed","template":"elementor_header_footer","meta":{"_joinchat":[],"footnotes":""},"class_list":["post-19785","page","type-page","status-publish","hentry"],"yoast_head":"<!-- This site is optimized with the Yoast SEO plugin v27.3 - https:\/\/yoast.com\/product\/yoast-seo-wordpress\/ -->\n<title>Pol\u00edtica del Sistema de Gesti\u00f3n | Anasac Agropecuario<\/title>\n<meta name=\"robots\" content=\"index, follow, max-snippet:-1, max-image-preview:large, max-video-preview:-1\" \/>\n<link rel=\"canonical\" href=\"https:\/\/anasac.cl\/agropecuario\/politica-del-sistema-de-gestion\/\" \/>\n<meta property=\"og:locale\" content=\"es_ES\" \/>\n<meta property=\"og:type\" content=\"article\" \/>\n<meta property=\"og:title\" content=\"Pol\u00edtica del Sistema de Gesti\u00f3n | Anasac Agropecuario\" \/>\n<meta property=\"og:description\" content=\"Usted est\u00e1 en: Inicio Nuestro compromiso como trabajadores y de la alta direcci\u00f3n se fundamenta en la satisfacci\u00f3n de nuestros clientes, superando sus expectativas. Nuestros productos cumplen con la calidad e inocuidad requerida, los cuales son verificados en las distintas etapas de los procesos productivos, bajo est\u00e1ndares de buenas pr\u00e1cticas y mejora continua, con un [&hellip;]\" \/>\n<meta property=\"og:url\" content=\"https:\/\/anasac.cl\/agropecuario\/politica-del-sistema-de-gestion\/\" \/>\n<meta property=\"og:site_name\" content=\"Anasac Agropecuario\" \/>\n<meta property=\"article:publisher\" content=\"https:\/\/www.facebook.com\/anasac.chile\/\" \/>\n<meta property=\"article:modified_time\" content=\"2024-11-29T10:06:07+00:00\" \/>\n<meta property=\"og:image\" content=\"https:\/\/anasac.cl\/agropecuario\/wp-content\/uploads\/sites\/2\/2025\/02\/pexels-madebymath-21393.jpg\" \/>\n\t<meta property=\"og:image:width\" content=\"1920\" \/>\n\t<meta property=\"og:image:height\" content=\"1272\" \/>\n\t<meta property=\"og:image:type\" content=\"image\/jpeg\" \/>\n<meta name=\"twitter:card\" content=\"summary_large_image\" \/>\n<meta name=\"twitter:label1\" content=\"Tiempo de lectura\" \/>\n\t<meta name=\"twitter:data1\" content=\"1 minuto\" \/>\n<script type=\"application\/ld+json\" class=\"yoast-schema-graph\">{\"@context\":\"https:\\\/\\\/schema.org\",\"@graph\":[{\"@type\":\"WebPage\",\"@id\":\"https:\\\/\\\/anasac.cl\\\/agropecuario\\\/politica-del-sistema-de-gestion\\\/\",\"url\":\"https:\\\/\\\/anasac.cl\\\/agropecuario\\\/politica-del-sistema-de-gestion\\\/\",\"name\":\"Pol\u00edtica del Sistema de Gesti\u00f3n | Anasac Agropecuario\",\"isPartOf\":{\"@id\":\"https:\\\/\\\/anasac.cl\\\/agropecuario\\\/#website\"},\"datePublished\":\"2024-11-29T10:04:26+00:00\",\"dateModified\":\"2024-11-29T10:06:07+00:00\",\"breadcrumb\":{\"@id\":\"https:\\\/\\\/anasac.cl\\\/agropecuario\\\/politica-del-sistema-de-gestion\\\/#breadcrumb\"},\"inLanguage\":\"es\",\"potentialAction\":[{\"@type\":\"ReadAction\",\"target\":[\"https:\\\/\\\/anasac.cl\\\/agropecuario\\\/politica-del-sistema-de-gestion\\\/\"]}]},{\"@type\":\"BreadcrumbList\",\"@id\":\"https:\\\/\\\/anasac.cl\\\/agropecuario\\\/politica-del-sistema-de-gestion\\\/#breadcrumb\",\"itemListElement\":[{\"@type\":\"ListItem\",\"position\":1,\"name\":\"Portada\",\"item\":\"https:\\\/\\\/anasac.cl\\\/agropecuario\\\/\"},{\"@type\":\"ListItem\",\"position\":2,\"name\":\"Pol\u00edtica del Sistema de Gesti\u00f3n\"}]},{\"@type\":\"WebSite\",\"@id\":\"https:\\\/\\\/anasac.cl\\\/agropecuario\\\/#website\",\"url\":\"https:\\\/\\\/anasac.cl\\\/agropecuario\\\/\",\"name\":\"Anasac Agropecuario\",\"description\":\"Impulsando un mejor futuro\",\"publisher\":{\"@id\":\"https:\\\/\\\/anasac.cl\\\/agropecuario\\\/#organization\"},\"potentialAction\":[{\"@type\":\"SearchAction\",\"target\":{\"@type\":\"EntryPoint\",\"urlTemplate\":\"https:\\\/\\\/anasac.cl\\\/agropecuario\\\/?s={search_term_string}\"},\"query-input\":{\"@type\":\"PropertyValueSpecification\",\"valueRequired\":true,\"valueName\":\"search_term_string\"}}],\"inLanguage\":\"es\"},{\"@type\":\"Organization\",\"@id\":\"https:\\\/\\\/anasac.cl\\\/agropecuario\\\/#organization\",\"name\":\"Anasac Agropecuario\",\"url\":\"https:\\\/\\\/anasac.cl\\\/agropecuario\\\/\",\"logo\":{\"@type\":\"ImageObject\",\"inLanguage\":\"es\",\"@id\":\"https:\\\/\\\/anasac.cl\\\/agropecuario\\\/#\\\/schema\\\/logo\\\/image\\\/\",\"url\":\"https:\\\/\\\/anasac.cl\\\/agropecuario\\\/wp-content\\\/uploads\\\/sites\\\/2\\\/2024\\\/11\\\/LOGO-ANASAC-COMPACTO-COLOR.png\",\"contentUrl\":\"https:\\\/\\\/anasac.cl\\\/agropecuario\\\/wp-content\\\/uploads\\\/sites\\\/2\\\/2024\\\/11\\\/LOGO-ANASAC-COMPACTO-COLOR.png\",\"width\":888,\"height\":233,\"caption\":\"Anasac Agropecuario\"},\"image\":{\"@id\":\"https:\\\/\\\/anasac.cl\\\/agropecuario\\\/#\\\/schema\\\/logo\\\/image\\\/\"},\"sameAs\":[\"https:\\\/\\\/www.facebook.com\\\/anasac.chile\\\/\",\"https:\\\/\\\/www.linkedin.com\\\/company\\\/anasac\\\/\",\"https:\\\/\\\/www.instagram.com\\\/anasac_chile\\\/\"]}]}<\/script>\n<!-- \/ Yoast SEO plugin. -->","yoast_head_json":{"title":"Pol\u00edtica del Sistema de Gesti\u00f3n | Anasac Agropecuario","robots":{"index":"index","follow":"follow","max-snippet":"max-snippet:-1","max-image-preview":"max-image-preview:large","max-video-preview":"max-video-preview:-1"},"canonical":"https:\/\/anasac.cl\/agropecuario\/politica-del-sistema-de-gestion\/","og_locale":"es_ES","og_type":"article","og_title":"Pol\u00edtica del Sistema de Gesti\u00f3n | Anasac Agropecuario","og_description":"Usted est\u00e1 en: Inicio Nuestro compromiso como trabajadores y de la alta direcci\u00f3n se fundamenta en la satisfacci\u00f3n de nuestros clientes, superando sus expectativas. Nuestros productos cumplen con la calidad e inocuidad requerida, los cuales son verificados en las distintas etapas de los procesos productivos, bajo est\u00e1ndares de buenas pr\u00e1cticas y mejora continua, con un [&hellip;]","og_url":"https:\/\/anasac.cl\/agropecuario\/politica-del-sistema-de-gestion\/","og_site_name":"Anasac Agropecuario","article_publisher":"https:\/\/www.facebook.com\/anasac.chile\/","article_modified_time":"2024-11-29T10:06:07+00:00","og_image":[{"width":1920,"height":1272,"url":"https:\/\/anasac.cl\/agropecuario\/wp-content\/uploads\/sites\/2\/2025\/02\/pexels-madebymath-21393.jpg","type":"image\/jpeg"}],"twitter_card":"summary_large_image","twitter_misc":{"Tiempo de lectura":"1 minuto"},"schema":{"@context":"https:\/\/schema.org","@graph":[{"@type":"WebPage","@id":"https:\/\/anasac.cl\/agropecuario\/politica-del-sistema-de-gestion\/","url":"https:\/\/anasac.cl\/agropecuario\/politica-del-sistema-de-gestion\/","name":"Pol\u00edtica del Sistema de Gesti\u00f3n | Anasac Agropecuario","isPartOf":{"@id":"https:\/\/anasac.cl\/agropecuario\/#website"},"datePublished":"2024-11-29T10:04:26+00:00","dateModified":"2024-11-29T10:06:07+00:00","breadcrumb":{"@id":"https:\/\/anasac.cl\/agropecuario\/politica-del-sistema-de-gestion\/#breadcrumb"},"inLanguage":"es","potentialAction":[{"@type":"ReadAction","target":["https:\/\/anasac.cl\/agropecuario\/politica-del-sistema-de-gestion\/"]}]},{"@type":"BreadcrumbList","@id":"https:\/\/anasac.cl\/agropecuario\/politica-del-sistema-de-gestion\/#breadcrumb","itemListElement":[{"@type":"ListItem","position":1,"name":"Portada","item":"https:\/\/anasac.cl\/agropecuario\/"},{"@type":"ListItem","position":2,"name":"Pol\u00edtica del Sistema de Gesti\u00f3n"}]},{"@type":"WebSite","@id":"https:\/\/anasac.cl\/agropecuario\/#website","url":"https:\/\/anasac.cl\/agropecuario\/","name":"Anasac Agropecuario","description":"Impulsando un mejor futuro","publisher":{"@id":"https:\/\/anasac.cl\/agropecuario\/#organization"},"potentialAction":[{"@type":"SearchAction","target":{"@type":"EntryPoint","urlTemplate":"https:\/\/anasac.cl\/agropecuario\/?s={search_term_string}"},"query-input":{"@type":"PropertyValueSpecification","valueRequired":true,"valueName":"search_term_string"}}],"inLanguage":"es"},{"@type":"Organization","@id":"https:\/\/anasac.cl\/agropecuario\/#organization","name":"Anasac Agropecuario","url":"https:\/\/anasac.cl\/agropecuario\/","logo":{"@type":"ImageObject","inLanguage":"es","@id":"https:\/\/anasac.cl\/agropecuario\/#\/schema\/logo\/image\/","url":"https:\/\/anasac.cl\/agropecuario\/wp-content\/uploads\/sites\/2\/2024\/11\/LOGO-ANASAC-COMPACTO-COLOR.png","contentUrl":"https:\/\/anasac.cl\/agropecuario\/wp-content\/uploads\/sites\/2\/2024\/11\/LOGO-ANASAC-COMPACTO-COLOR.png","width":888,"height":233,"caption":"Anasac Agropecuario"},"image":{"@id":"https:\/\/anasac.cl\/agropecuario\/#\/schema\/logo\/image\/"},"sameAs":["https:\/\/www.facebook.com\/anasac.chile\/","https:\/\/www.linkedin.com\/company\/anasac\/","https:\/\/www.instagram.com\/anasac_chile\/"]}]}},"_links":{"self":[{"href":"https:\/\/anasac.cl\/agropecuario\/wp-json\/wp\/v2\/pages\/19785","targetHints":{"allow":["GET"]}}],"collection":[{"href":"https:\/\/anasac.cl\/agropecuario\/wp-json\/wp\/v2\/pages"}],"about":[{"href":"https:\/\/anasac.cl\/agropecuario\/wp-json\/wp\/v2\/types\/page"}],"author":[{"embeddable":true,"href":"https:\/\/anasac.cl\/agropecuario\/wp-json\/wp\/v2\/users\/1"}],"replies":[{"embeddable":true,"href":"https:\/\/anasac.cl\/agropecuario\/wp-json\/wp\/v2\/comments?post=19785"}],"version-history":[{"count":4,"href":"https:\/\/anasac.cl\/agropecuario\/wp-json\/wp\/v2\/pages\/19785\/revisions"}],"predecessor-version":[{"id":19789,"href":"https:\/\/anasac.cl\/agropecuario\/wp-json\/wp\/v2\/pages\/19785\/revisions\/19789"}],"wp:attachment":[{"href":"https:\/\/anasac.cl\/agropecuario\/wp-json\/wp\/v2\/media?parent=19785"}],"curies":[{"name":"wp","href":"https:\/\/api.w.org\/{rel}","templated":true}]}}