{"id":2,"date":"2024-12-23T19:06:18","date_gmt":"2024-12-23T18:06:18","guid":{"rendered":"https:\/\/test.jancarlos.com.br\/frontal\/?page_id=2"},"modified":"2024-12-27T19:26:18","modified_gmt":"2024-12-27T18:26:18","slug":"home","status":"publish","type":"page","link":"https:\/\/anasac.cl\/frontal\/","title":{"rendered":"Home"},"content":{"rendered":"\t\t<div data-elementor-type=\"wp-page\" data-elementor-id=\"2\" class=\"elementor elementor-2\" data-elementor-post-type=\"page\">\n\t\t\t\t<div class=\"elementor-element elementor-element-1c8b097 e-flex e-con-boxed e-con e-parent\" data-id=\"1c8b097\" data-element_type=\"container\" data-e-type=\"container\" data-settings=\"{&quot;jet_parallax_layout_list&quot;:[]}\">\n\t\t\t\t\t<div class=\"e-con-inner\">\n\t\t<div class=\"elementor-element elementor-element-37f96d1 e-con-full e-flex e-con e-child\" data-id=\"37f96d1\" data-element_type=\"container\" data-e-type=\"container\" data-settings=\"{&quot;background_background&quot;:&quot;classic&quot;,&quot;jet_parallax_layout_list&quot;:[]}\">\n\t\t<div class=\"elementor-element elementor-element-6c567f7 e-con-full e-flex e-con e-child\" data-id=\"6c567f7\" data-element_type=\"container\" data-e-type=\"container\" data-settings=\"{&quot;background_background&quot;:&quot;classic&quot;,&quot;jet_parallax_layout_list&quot;:[]}\">\n\t\t\t\t<div class=\"elementor-element elementor-element-59e83f2 elementor-widget elementor-widget-heading\" data-id=\"59e83f2\" data-element_type=\"widget\" data-e-type=\"widget\" data-widget_type=\"heading.default\">\n\t\t\t\t<div class=\"elementor-widget-container\">\n\t\t\t\t\t<h2 class=\"elementor-heading-title elementor-size-default\">Fungicida \u00fanico de acci\u00f3n frontal con dos poderosos ingredientes activos\n<\/h2>\t\t\t\t<\/div>\n\t\t\t\t<\/div>\n\t\t\t\t<\/div>\n\t\t\t\t<div class=\"elementor-element elementor-element-f7a8012 elementor-widget__width-auto elementor-widget elementor-widget-text-editor\" data-id=\"f7a8012\" data-element_type=\"widget\" data-e-type=\"widget\" data-widget_type=\"text-editor.default\">\n\t\t\t\t<div class=\"elementor-widget-container\">\n\t\t\t\t\t\t\t\t\t<p>Anasac presenta la soluci\u00f3n m\u00e1s innovadora del mercado, Frontal el nuevo y \u00fanico fungicida para el control preventivo y curativo de Botritis (Botrytis cinerea) y hongos asociados a Pudrici\u00f3n \u00c1cida (Penicillium sp., Alternaria sp., Cladosporium sp., Aspergillus sp., Mucor sp., Rhizopus sp.).<\/p>\t\t\t\t\t\t\t\t<\/div>\n\t\t\t\t<\/div>\n\t\t\t\t<div class=\"elementor-element elementor-element-46fa0ec elementor-widget__width-auto elementor-absolute elementor-widget elementor-widget-image\" data-id=\"46fa0ec\" data-element_type=\"widget\" data-e-type=\"widget\" data-settings=\"{&quot;_position&quot;:&quot;absolute&quot;}\" data-widget_type=\"image.default\">\n\t\t\t\t<div class=\"elementor-widget-container\">\n\t\t\t\t\t\t\t\t\t\t\t\t\t\t\t<img decoding=\"async\" width=\"208\" height=\"41\" src=\"https:\/\/anasac.cl\/frontal\/wp-content\/uploads\/sites\/9\/2024\/12\/guante-frontal.png\" class=\"attachment-full size-full wp-image-50\" alt=\"\" \/>\t\t\t\t\t\t\t\t\t\t\t\t\t\t\t<\/div>\n\t\t\t\t<\/div>\n\t\t\t\t<div class=\"elementor-element elementor-element-06aa743 elementor-widget elementor-widget-image\" data-id=\"06aa743\" data-element_type=\"widget\" data-e-type=\"widget\" data-widget_type=\"image.default\">\n\t\t\t\t<div class=\"elementor-widget-container\">\n\t\t\t\t\t\t\t\t\t\t\t\t\t\t\t<img fetchpriority=\"high\" decoding=\"async\" width=\"804\" height=\"452\" src=\"https:\/\/anasac.cl\/frontal\/wp-content\/uploads\/sites\/9\/2024\/12\/frontal-atributos.gif\" class=\"attachment-full size-full wp-image-61\" alt=\"\" \/>\t\t\t\t\t\t\t\t\t\t\t\t\t\t\t<\/div>\n\t\t\t\t<\/div>\n\t\t\t\t<\/div>\n\t\t\t\t\t<\/div>\n\t\t\t\t<\/div>\n\t\t\t\t<\/div>\n\t\t","protected":false},"excerpt":{"rendered":"<p>Fungicida \u00fanico de acci\u00f3n frontal con dos poderosos ingredientes activos Anasac presenta la soluci\u00f3n m\u00e1s innovadora del mercado, Frontal el nuevo y \u00fanico fungicida para el control preventivo y curativo de Botritis (Botrytis cinerea) y hongos asociados a Pudrici\u00f3n \u00c1cida (Penicillium sp., Alternaria sp., Cladosporium sp., Aspergillus sp., Mucor sp., Rhizopus sp.).<\/p>\n","protected":false},"author":1,"featured_media":0,"parent":0,"menu_order":0,"comment_status":"closed","ping_status":"closed","template":"","meta":{"_joinchat":[],"footnotes":""},"class_list":["post-2","page","type-page","status-publish","hentry"],"yoast_head":"<!-- This site is optimized with the Yoast SEO plugin v27.3 - https:\/\/yoast.com\/product\/yoast-seo-wordpress\/ -->\n<title>Home - Frontal<\/title>\n<meta name=\"robots\" content=\"index, follow, max-snippet:-1, max-image-preview:large, max-video-preview:-1\" \/>\n<link rel=\"canonical\" href=\"https:\/\/anasac.cl\/frontal\/\" \/>\n<meta property=\"og:locale\" content=\"es_ES\" \/>\n<meta property=\"og:type\" content=\"article\" \/>\n<meta property=\"og:title\" content=\"Home - Frontal\" \/>\n<meta property=\"og:description\" content=\"Fungicida \u00fanico de acci\u00f3n frontal con dos poderosos ingredientes activos Anasac presenta la soluci\u00f3n m\u00e1s innovadora del mercado, Frontal el nuevo y \u00fanico fungicida para el control preventivo y curativo de Botritis (Botrytis cinerea) y hongos asociados a Pudrici\u00f3n \u00c1cida (Penicillium sp., Alternaria sp., Cladosporium sp., Aspergillus sp., Mucor sp., Rhizopus sp.).\" \/>\n<meta property=\"og:url\" content=\"https:\/\/anasac.cl\/frontal\/\" \/>\n<meta property=\"og:site_name\" content=\"Frontal\" \/>\n<meta property=\"article:modified_time\" content=\"2024-12-27T18:26:18+00:00\" \/>\n<meta property=\"og:image\" content=\"https:\/\/anasac.cl\/frontal\/wp-content\/uploads\/sites\/9\/2024\/12\/guante-frontal.png\" \/>\n<meta name=\"twitter:card\" content=\"summary_large_image\" \/>\n<script type=\"application\/ld+json\" class=\"yoast-schema-graph\">{\"@context\":\"https:\\\/\\\/schema.org\",\"@graph\":[{\"@type\":\"WebPage\",\"@id\":\"https:\\\/\\\/anasac.cl\\\/frontal\\\/\",\"url\":\"https:\\\/\\\/anasac.cl\\\/frontal\\\/\",\"name\":\"Home - Frontal\",\"isPartOf\":{\"@id\":\"https:\\\/\\\/anasac.cl\\\/frontal\\\/#website\"},\"primaryImageOfPage\":{\"@id\":\"https:\\\/\\\/anasac.cl\\\/frontal\\\/#primaryimage\"},\"image\":{\"@id\":\"https:\\\/\\\/anasac.cl\\\/frontal\\\/#primaryimage\"},\"thumbnailUrl\":\"https:\\\/\\\/anasac.cl\\\/frontal\\\/wp-content\\\/uploads\\\/sites\\\/9\\\/2024\\\/12\\\/guante-frontal.png\",\"datePublished\":\"2024-12-23T18:06:18+00:00\",\"dateModified\":\"2024-12-27T18:26:18+00:00\",\"breadcrumb\":{\"@id\":\"https:\\\/\\\/anasac.cl\\\/frontal\\\/#breadcrumb\"},\"inLanguage\":\"es\",\"potentialAction\":[{\"@type\":\"ReadAction\",\"target\":[\"https:\\\/\\\/anasac.cl\\\/frontal\\\/\"]}]},{\"@type\":\"ImageObject\",\"inLanguage\":\"es\",\"@id\":\"https:\\\/\\\/anasac.cl\\\/frontal\\\/#primaryimage\",\"url\":\"https:\\\/\\\/anasac.cl\\\/frontal\\\/wp-content\\\/uploads\\\/sites\\\/9\\\/2024\\\/12\\\/guante-frontal.png\",\"contentUrl\":\"https:\\\/\\\/anasac.cl\\\/frontal\\\/wp-content\\\/uploads\\\/sites\\\/9\\\/2024\\\/12\\\/guante-frontal.png\",\"width\":208,\"height\":41},{\"@type\":\"BreadcrumbList\",\"@id\":\"https:\\\/\\\/anasac.cl\\\/frontal\\\/#breadcrumb\",\"itemListElement\":[{\"@type\":\"ListItem\",\"position\":1,\"name\":\"Portada\",\"item\":\"https:\\\/\\\/anasac.cl\\\/frontal\\\/\"},{\"@type\":\"ListItem\",\"position\":2,\"name\":\"Home\"}]},{\"@type\":\"WebSite\",\"@id\":\"https:\\\/\\\/anasac.cl\\\/frontal\\\/#website\",\"url\":\"https:\\\/\\\/anasac.cl\\\/frontal\\\/\",\"name\":\"Frontal\",\"description\":\"\",\"potentialAction\":[{\"@type\":\"SearchAction\",\"target\":{\"@type\":\"EntryPoint\",\"urlTemplate\":\"https:\\\/\\\/anasac.cl\\\/frontal\\\/?s={search_term_string}\"},\"query-input\":{\"@type\":\"PropertyValueSpecification\",\"valueRequired\":true,\"valueName\":\"search_term_string\"}}],\"inLanguage\":\"es\"}]}<\/script>\n<!-- \/ Yoast SEO plugin. -->","yoast_head_json":{"title":"Home - Frontal","robots":{"index":"index","follow":"follow","max-snippet":"max-snippet:-1","max-image-preview":"max-image-preview:large","max-video-preview":"max-video-preview:-1"},"canonical":"https:\/\/anasac.cl\/frontal\/","og_locale":"es_ES","og_type":"article","og_title":"Home - Frontal","og_description":"Fungicida \u00fanico de acci\u00f3n frontal con dos poderosos ingredientes activos Anasac presenta la soluci\u00f3n m\u00e1s innovadora del mercado, Frontal el nuevo y \u00fanico fungicida para el control preventivo y curativo de Botritis (Botrytis cinerea) y hongos asociados a Pudrici\u00f3n \u00c1cida (Penicillium sp., Alternaria sp., Cladosporium sp., Aspergillus sp., Mucor sp., Rhizopus sp.).","og_url":"https:\/\/anasac.cl\/frontal\/","og_site_name":"Frontal","article_modified_time":"2024-12-27T18:26:18+00:00","og_image":[{"url":"https:\/\/anasac.cl\/frontal\/wp-content\/uploads\/sites\/9\/2024\/12\/guante-frontal.png","type":"","width":"","height":""}],"twitter_card":"summary_large_image","schema":{"@context":"https:\/\/schema.org","@graph":[{"@type":"WebPage","@id":"https:\/\/anasac.cl\/frontal\/","url":"https:\/\/anasac.cl\/frontal\/","name":"Home - Frontal","isPartOf":{"@id":"https:\/\/anasac.cl\/frontal\/#website"},"primaryImageOfPage":{"@id":"https:\/\/anasac.cl\/frontal\/#primaryimage"},"image":{"@id":"https:\/\/anasac.cl\/frontal\/#primaryimage"},"thumbnailUrl":"https:\/\/anasac.cl\/frontal\/wp-content\/uploads\/sites\/9\/2024\/12\/guante-frontal.png","datePublished":"2024-12-23T18:06:18+00:00","dateModified":"2024-12-27T18:26:18+00:00","breadcrumb":{"@id":"https:\/\/anasac.cl\/frontal\/#breadcrumb"},"inLanguage":"es","potentialAction":[{"@type":"ReadAction","target":["https:\/\/anasac.cl\/frontal\/"]}]},{"@type":"ImageObject","inLanguage":"es","@id":"https:\/\/anasac.cl\/frontal\/#primaryimage","url":"https:\/\/anasac.cl\/frontal\/wp-content\/uploads\/sites\/9\/2024\/12\/guante-frontal.png","contentUrl":"https:\/\/anasac.cl\/frontal\/wp-content\/uploads\/sites\/9\/2024\/12\/guante-frontal.png","width":208,"height":41},{"@type":"BreadcrumbList","@id":"https:\/\/anasac.cl\/frontal\/#breadcrumb","itemListElement":[{"@type":"ListItem","position":1,"name":"Portada","item":"https:\/\/anasac.cl\/frontal\/"},{"@type":"ListItem","position":2,"name":"Home"}]},{"@type":"WebSite","@id":"https:\/\/anasac.cl\/frontal\/#website","url":"https:\/\/anasac.cl\/frontal\/","name":"Frontal","description":"","potentialAction":[{"@type":"SearchAction","target":{"@type":"EntryPoint","urlTemplate":"https:\/\/anasac.cl\/frontal\/?s={search_term_string}"},"query-input":{"@type":"PropertyValueSpecification","valueRequired":true,"valueName":"search_term_string"}}],"inLanguage":"es"}]}},"_links":{"self":[{"href":"https:\/\/anasac.cl\/frontal\/wp-json\/wp\/v2\/pages\/2","targetHints":{"allow":["GET"]}}],"collection":[{"href":"https:\/\/anasac.cl\/frontal\/wp-json\/wp\/v2\/pages"}],"about":[{"href":"https:\/\/anasac.cl\/frontal\/wp-json\/wp\/v2\/types\/page"}],"author":[{"embeddable":true,"href":"https:\/\/anasac.cl\/frontal\/wp-json\/wp\/v2\/users\/1"}],"replies":[{"embeddable":true,"href":"https:\/\/anasac.cl\/frontal\/wp-json\/wp\/v2\/comments?post=2"}],"version-history":[{"count":44,"href":"https:\/\/anasac.cl\/frontal\/wp-json\/wp\/v2\/pages\/2\/revisions"}],"predecessor-version":[{"id":382,"href":"https:\/\/anasac.cl\/frontal\/wp-json\/wp\/v2\/pages\/2\/revisions\/382"}],"wp:attachment":[{"href":"https:\/\/anasac.cl\/frontal\/wp-json\/wp\/v2\/media?parent=2"}],"curies":[{"name":"wp","href":"https:\/\/api.w.org\/{rel}","templated":true}]}}